se 16) in base 15?
-15138a
Convert 128bdb4 (base 14) to base 2.
100010000111111011111010
Convert -1856902 (base 10) to base 8.
-7052606
What is 84297 (base 11) in base 7?
1021006
111002201102 (base 3) to base 7
2122532
Convert 10553302 (base 6) to base 12.
138832
Convert -9cc20 (base 13) to base 12.
-11924b
What is -231023113221 (base 4) in base 11?
-6759949
Convert 2a067 (base 16) to base 7.
1314565
-133033 (base 9) to base 12
-3aa19
Convert -23211131 (base 4) to base 6.
-1003405
Convert 11010010001001011000111 (base 2) to base 13.
1571410
Convert 2435235 (base 6) to base 9.
216545
What is 11101011100001101 (base 2) in base 6?
2330141
-358163 (base 10) to base 14
-94751
-9a0825 (base 13) to base 2
-1101110101111001010110
Convert 81174 (base 15) to base 6.
12432101
121012121211021 (base 3) to base 13
1a278b1
Convert -1679d96 (base 14) to base 3.
-202210112112210
What is -110110111100100010 (base 2) in base 14?
-5c038
Convert 2060229 (base 10) to base 13.
571992
What is 37760 (base 9) in base 3?
1021212000
-50199 (base 15) to base 5
-31102434
What is -38cd (base 16) in base 3?
-201221120
49e06 (base 16) to base 2
1001001111000000110
Convert 2786800 (base 11) to base 2.
10010010011000010010001
5245107 (base 8) to base 4
11110221013
What is 4046223 (base 7) in base 9?
814620
1111010110101011000111 (base 2) to base 5
2012300111
-77566 (base 10) to base 8
-227376
Convert 155355 (base 10) to base 8.
457333
-99467a (base 12) to base 7
-26455105
Convert 1ba2b6 (base 12) to base 8.
1706052
What is 8cd (base 16) in base 9?
3073
What is -13127 (base 10) in base 6?
-140435
-16cb756 (base 13) to base 9
-14863046
Convert -21ec (base 15) to base 13.
-3378
What is -12057837 (base 10) in base 12?
-4055ab9
What is -42d812 (base 14) in base 10?
-2265384
What is -16608713 (base 9) in base 16?
-7f2420
Convert 1a1da (base 14) to base 5.
4104434
9547 (base 12) to base 10
16327
-10000110010010111110 (base 2) to base 15
-acebd
Convert 201144042 (base 5) to base 4.
3010003032
Convert 102202012211221 (base 3) to base 12.
2111367
What is 431012312 (base 5) in base 14?
352c49
Convert -103320133 (base 4) to base 6.
-1425011
-12212100001 (base 3) to base 13
-406cc
What is -14545453 (base 6) in base 2?
-1111100111110001001
What is 4567277 (base 8) in base 10?
1240767
What is 7ac91 (base 13) in base 14?
5b911
-22011111211 (base 3) to base 11
-aa85a
What is 3799 (base 13) in base 14?
2c44
5115362 (base 7) to base 9
1127785
1525076 (base 8) to base 15
8964d
Convert -21023330131 (base 4) to base 13.
-6641aa
What is 114d70 (base 15) in base 7?
10011465
Convert -130201102203 (base 4) to base 13.
-1719cc9
444352 (base 10) to base 14
b7d16
What is -1450114 (base 6) in base 4?
-110210332
What is -10112021122000 (base 3) in base 14?
-36b687
Convert -1100100111110001000 (base 2) to base 11.
-2627a9
Convert 5f7cb (base 16) to base 7.
3216164
What is 67466c (base 14) in base 10?
3508104
Convert 821554 (base 9) to base 13.
1406b3
What is -5daa (base 15) in base 6?
-232224
Convert 108778 (base 9) to base 16.
ffef
Convert 3223030 (base 5) to base 2.
1101010111101101
Convert 256148 (base 11) to base 15.
7e82b
What is 4120100 (base 5) in base 13?
245b2
Convert -10440044 (base 5) to base 7.
-535400
Convert -64b217 (base 13) to base 12.
-961627
What is 1034137 (base 11) in base 10?
1820969
What is 510120 (base 6) in base 16?
9d20
-110000110001100000 (base 2) to base 13
-6cc15
Convert -1122102011022 (base 3) to base 14.
-18a81d
What is 312231133 (base 5) in base 13?
361c58
30a148 (base 11) to base 6
14351124
Convert 1274e (base 16) to base 3.
10211200221
-23034220 (base 5) to base 13
-72744
What is -1a650c (base 14) in base 10?
-939440
Convert -2202101111 (base 3) to base 9.
-82344
What is -1001100011111100000 (base 2) in base 11?
-1a443a
What is -913398 (base 10) in base 9?
-1641846
Convert -201022121321 (base 4) to base 3.
-121100200001122
-21220000033 (base 4) to base 3
-11202012010001
-b70a (base 16) to base 14
-13110
What is -2203101 (base 4) in base 5?
-313244
Convert 105672 (base 13) to base 10.
383385
5413c (base 15) to base 2
1000001001010011011
What is -10010101010011101 (base 2) in base 15?
-179b5
What is -2113421200 (base 5) in base 4?
-100322331120
-9092b (base 13) to base 11
-167328
What is 5b3732 (base 15) in base 5?
2104143442
What is -14614151 (base 7) in base 14?
-285ad1
What is 202321222 (base 5) in base 14?
176080
Convert -20221200102 (base 3) to base 14.
-37c0c
What is 1332542 (base 10) in base 4?
11011110332
What is -1110643 (base 9) in base 4?
-2101321020
Convert -2a25a (base 12) to base 16.
-e6e6
-3543215 (base 7) to base 10
-447725
What is 245397 (base 12) in base 9?
1088037
What is -39820 (base 10) in base 11?
-27a10
Convert -4214430 (base 6) to base 7.
-1511130
What is -14330122 (base 6) in base 12?
-1b9942
2b6673 (base 16) to base 14
540787
What is -33361646 (base 7) in base 16?
-2c1572
Convert 1220250 (base 6) to base 12.
31686
Convert -2211000002122 (base 3) to base 12.
-60188b
What is 271647 (base 9) in base 11?
1031a8
Convert 5350881 (base 10) to base 16.
51a5e1
Convert 3324444 (base 5) to base 6.
1125032
What is -310120233 (base 5) in base 6?
-42515335
Convert 17748 (base 9) to base 14.
468b
What is -12320004 (base 8) in base 9?
-5117024
-497 (base 15) to base 7
-3016
Convert 165c09 (base 13) to base 5.
120240211
1116636 (base 8) to base 11
1972a5
Convert -3564305 (base 7) to base 9.
-760245
What is -456b2 (base 13) in base 16?
-1edb4
-13011301 (base 5) to base 6
-2410310
What is -1543010 (base 7) in base 2?
-110011110101100100
504325 (base 7) to base 8
247105
Convert 27458674 (base 9) to base 6.
1202400151
Convert -1001222010111 (base 3) to base 7.
-4563211
What is 331212032 (base 4) in base 15?
4eb52
-11981 (base 10) to base 14
-451b
What is 2033103 (base 4) in base 10?
9171
1752831 (base 9) to base 5
222322343
-185a821 (base 13) to base 14
-10b4119
155346 (base 11) to base 2
111010111010101100
What is 15211 (base 13) in base 8?
115732
What is -4988737 (base 10) in base 6?
-254532001
Convert -1013311021 (base 4) to base 13.
-a3bc1
11000110010111001 (base 2) to base 14
29025
What is 100111100010100101 (base 2) in base 15?
32ec2
What is 830171 (base 9) in base 16?
782bc
Convert 1110001111000101001 (base 2) to base 4.
1301320221
Convert -6592043 (base 10) to base 15.
-8a32e8
624382 (base 13) to base 15
304bc1
Convert 238265 (base 9) to base 12.
6b2a2
-112002001100 (base 3) to base 5
-32331211
What is -22333310010 (base 4) in base 5?
-1214222240
-ab58e1 (base 15) to base 5
-4042411021
What is 10b27 (base 14) in base 7?
226250
Convert 4461130 (base 7) to base 6.
15502311
-17dcc09 (base 14) to base 4
-231013330021
1967074 (base 10) to base 2
111100000001111100010
What is -3113132201 (base 4) in base 12?
-366915
21b9e5 (base 15) to base 6
54251512
What is -9ce0 (base 15) in base 2?
-1000001000000101
What is -3205005 (base 7) in base 10?
-388281
What is -202a362 (base 11) in base 6?
-204510305
What is 11100010010011001010 (base 2) in base 6?
31511150
What is -1251431 (base 6) in base 2?
-10000110111001011
-7dbcb7 (base 15) to base 6
-332521231
-10100122102 (base 3) to base 14
-1a120
What is -11210222100 (base 3) in base 4?
-113020200
-24a581 (base 13) to base 14
-18c874
-131520524 (base 6) to base 15
-3679ed
-a3215 (base 12) to base 4
-303331301
Convert -12ccb1 (base 14) to base 13.
-199b90
What is 311a144 (base 11) in base 3?
101100121212110
What is 31ab8 (base 14) in base 10?
120114
What is 1cd80d (base 14) in base 2?
11111100111100100101
Convert 27777460 (base 8) to base 5.
3102304443
Convert -1000110011010010111 (base 2) to base 9.
-478552
-1217 (base 15) to base 13
-199c
Convert -1162162 (base 11) to base 9.
-3723411
What is 58e88 (base 16) in base 10?
364168
What is 4c36 (base 16) in base 13?
8b5a
Convert -64045 (base 7) to base 3.
-210200121
What is ffbe (base 16) in base 15?
145ea
-1203210204 (base 5) to base 14
-528159
-111101001000101 (base 2) to base 12
-16145
Convert -13003301 (base 4) to base 9.
-43585
2672101 (base 9) to base 5
333332033
What is -163605 (base 7) in base 8?
-77435
-10110001001100001 (base 2) to base 15
-1bd31
What is -1354615 (base 10) in base 7?
-14341213
2427158 (base 9) to base 5
314124222
-18de7 (base 16) to base 2
-11000110111100